{"id":24778,"date":"2025-05-10T15:16:52","date_gmt":"2025-05-10T13:16:52","guid":{"rendered":"https:\/\/www.profartspla.site\/wordpress\/?post_type=glossary&#038;p=24778"},"modified":"2025-05-10T19:22:40","modified_gmt":"2025-05-10T17:22:40","slug":"instant-decisif","status":"publish","type":"glossary","link":"https:\/\/www.profartspla.site\/wordpress\/Dictionnaire\/instant-decisif\/","title":{"rendered":"Instant d\u00e9cisif"},"content":{"rendered":"<p class=\"has-text-align-center has-medium-font-size\"><strong><a class=\"glossaryLink\"  aria-describedby=\"tt\"  data-cmtooltip=\"cmtt_4cf32d7615d13d423439acc8bfb8bb97\"  href=\"https:\/\/www.profartspla.site\/wordpress\/Dictionnaire\/instant-decisif\/\"  target=\"_blank\"  data-gt-translate-attributes='[{\"attribute\":\"data-cmtooltip\", \"format\":\"html\"}]' tabindex='0' role='link'>Instant d&eacute;cisif<\/a><\/strong><\/p>\n\n\n\n<p>En 1952, Henri Cartier-Bresson publie Images &agrave; la Sauvette <a href=\"https:\/\/www.henricartierbresson.org\/publications\/henri-cartier-bresson-images-la-sauvette\/\" target=\"_blank\" rel=\"noreferrer noopener\">https:\/\/www.henricartierbresson.org\/publications\/henri-cartier-bresson-images-la-sauvette\/<\/a> (couverture originale de Henri Matisse).<\/p>\n\n\n\n<div class=\"wp-block-columns is-layout-flex wp-container-core-columns-is-layout-9d6595d7 wp-block-columns-is-layout-flex\">\n<div class=\"wp-block-column is-layout-flow wp-block-column-is-layout-flow\"><div class=\"wp-block-image\">\n<figure class=\"aligncenter size-large\"><a href=\"https:\/\/i0.wp.com\/www.profartspla.site\/wordpress\/wp-content\/uploads\/2025\/05\/HCB_Moment_Couv.jpg?ssl=1\" target=\"_blank\" rel=\" noreferrer noopener\"><img data-recalc-dims=\"1\" loading=\"lazy\" decoding=\"async\" width=\"760\" height=\"1024\" src=\"https:\/\/i0.wp.com\/www.profartspla.site\/wordpress\/wp-content\/uploads\/2025\/05\/HCB_Moment_Couv.jpg?resize=760%2C1024&#038;ssl=1\" alt=\"\" class=\"wp-image-24788\" srcset=\"https:\/\/i0.wp.com\/www.profartspla.site\/wordpress\/wp-content\/uploads\/2025\/05\/HCB_Moment_Couv.jpg?resize=760%2C1024&amp;ssl=1 760w, https:\/\/i0.wp.com\/www.profartspla.site\/wordpress\/wp-content\/uploads\/2025\/05\/HCB_Moment_Couv.jpg?resize=223%2C300&amp;ssl=1 223w, https:\/\/i0.wp.com\/www.profartspla.site\/wordpress\/wp-content\/uploads\/2025\/05\/HCB_Moment_Couv.jpg?resize=768%2C1034&amp;ssl=1 768w, https:\/\/i0.wp.com\/www.profartspla.site\/wordpress\/wp-content\/uploads\/2025\/05\/HCB_Moment_Couv.jpg?resize=1141%2C1536&amp;ssl=1 1141w, https:\/\/i0.wp.com\/www.profartspla.site\/wordpress\/wp-content\/uploads\/2025\/05\/HCB_Moment_Couv.jpg?resize=1521%2C2048&amp;ssl=1 1521w, https:\/\/i0.wp.com\/www.profartspla.site\/wordpress\/wp-content\/uploads\/2025\/05\/HCB_Moment_Couv.jpg?resize=45%2C60&amp;ssl=1 45w, https:\/\/i0.wp.com\/www.profartspla.site\/wordpress\/wp-content\/uploads\/2025\/05\/HCB_Moment_Couv.jpg?w=1783&amp;ssl=1 1783w\" sizes=\"auto, (max-width: 760px) 100vw, 760px\"\/><\/a><\/figure>\n<\/div><\/div>\n\n\n\n<div class=\"wp-block-column is-layout-flow wp-block-column-is-layout-flow\">\n<p class=\"has-text-align-center\">Pour la version am&eacute;ricaine de son ouvrage, ses &eacute;diteurs cherchent un titre plus accrocheur. Ils proposent&nbsp;<strong>The Decisive Moment<\/strong>. <\/p>\n\n\n\n<p class=\"has-text-align-center\">Cette <a class=\"glossaryLink\"  aria-describedby=\"tt\"  data-cmtooltip=\"cmtt_1ba9388fcb37629b0b370cfadcadcc8b\"  href=\"https:\/\/www.profartspla.site\/wordpress\/Dictionnaire\/citation\/\"  target=\"_blank\"  data-gt-translate-attributes='[{\"attribute\":\"data-cmtooltip\", \"format\":\"html\"}]' tabindex='0' role='link'>citation<\/a> figure en introduction et est emprunt&eacute;e au<strong> Cardinal de Retz<\/strong> (homme d&rsquo;<a class=\"glossaryLink\"  aria-describedby=\"tt\"  data-cmtooltip=\"cmtt_6ca1cd93306ad0cd1aa098cfc709d47c\"  href=\"https:\/\/www.profartspla.site\/wordpress\/Dictionnaire\/tirage\/\"  target=\"_blank\"  data-gt-translate-attributes='[{\"attribute\":\"data-cmtooltip\", \"format\":\"html\"}]' tabindex='0' role='link'>&Eacute;tat<\/a>,&nbsp;homme d&rsquo;&Eacute;glise&nbsp;et&nbsp;&eacute;crivain&nbsp;fran&ccedil;ais du XVII&egrave;me si&egrave;cle connu pour ses&nbsp;<em>M&eacute;moires<\/em>) : &rdquo;<strong><em>Il n&rsquo;y a rien dans ce monde qui n&rsquo;ait un moment d&eacute;cisif<\/em><\/strong>&laquo;&nbsp;.<\/p>\n<\/div>\n<\/div>\n\n\n\n<p><\/p>\n\n\n\n<p>&nbsp;<\/p>\n","protected":false},"excerpt":{"rendered":"<p>Instant d\u00e9cisif En 1952, Henri Cartier-Bresson publie Images \u00e0 la Sauvette https:\/\/www.henricartierbresson.org\/publications\/henri-cartier-bresson-images-la-sauvette\/ (couverture originale de Henri Matisse). Pour la version am\u00e9ricaine de son ouvrage, ses \u00e9diteurs cherchent un titre plus accrocheur. Ils proposent\u00a0The Decisive Moment. Cette citation figure en introduction et est emprunt\u00e9e au Cardinal de Retz (homme d&rsquo;\u00c9tat,\u00a0homme d&rsquo;\u00c9glise\u00a0et\u00a0\u00e9crivain\u00a0fran\u00e7ais du XVII\u00e8me si\u00e8cle connu pour &hellip; <\/p>\n","protected":false},"author":1,"featured_media":13828,"menu_order":0,"template":"","meta":{"footnotes":""},"class_list":["post-24778","glossary","type-glossary","status-publish","has-post-thumbnail","hentry"],"jetpack_sharing_enabled":true,"_links":{"self":[{"href":"https:\/\/www.profartspla.site\/wordpress\/wp-json\/wp\/v2\/glossary\/24778","targetHints":{"allow":["GET"]}}],"collection":[{"href":"https:\/\/www.profartspla.site\/wordpress\/wp-json\/wp\/v2\/glossary"}],"about":[{"href":"https:\/\/www.profartspla.site\/wordpress\/wp-json\/wp\/v2\/types\/glossary"}],"author":[{"embeddable":true,"href":"https:\/\/www.profartspla.site\/wordpress\/wp-json\/wp\/v2\/users\/1"}],"version-history":[{"count":3,"href":"https:\/\/www.profartspla.site\/wordpress\/wp-json\/wp\/v2\/glossary\/24778\/revisions"}],"predecessor-version":[{"id":24789,"href":"https:\/\/www.profartspla.site\/wordpress\/wp-json\/wp\/v2\/glossary\/24778\/revisions\/24789"}],"wp:featuredmedia":[{"embeddable":true,"href":"https:\/\/www.profartspla.site\/wordpress\/wp-json\/wp\/v2\/media\/13828"}],"wp:attachment":[{"href":"https:\/\/www.profartspla.site\/wordpress\/wp-json\/wp\/v2\/media?parent=24778"}],"curies":[{"name":"wp","href":"https:\/\/api.w.org\/{rel}","templated":true}]}}

Instant décisif

<p>Instant décisif En 1952, Henri Cartier-Bresson publie Images à la Sauvette https://www.henricartierbresson.org/publications/henri-cartier-bresson-images-la-sauvette/ (couverture originale de Henri Matisse). Pour la version américaine de son ouvrage, ses éditeurs cherchent un titre plus accrocheur. Ils proposent The Decisive Moment. Cette citation figure en introduction et est empruntée au Cardinal de Retz (homme d&rsquo;État, homme d&rsquo;Église et écrivain français du XVIIème siècle connu pour &hellip; </p>
