{"id":406,"date":"2017-11-10T18:49:38","date_gmt":"2017-11-10T17:49:38","guid":{"rendered":"https:\/\/www.profartspla.info\/wordpress\/gris-colores\/"},"modified":"2024-09-18T18:45:19","modified_gmt":"2024-09-18T16:45:19","slug":"gris-colores","status":"publish","type":"glossary","link":"https:\/\/www.profartspla.site\/wordpress\/Dictionnaire\/gris-colores\/","title":{"rendered":"Gris color\u00e9s"},"content":{"rendered":"<p class=\"has-text-align-center has-medium-font-size\"><strong><a class=\"glossaryLink\"  aria-describedby=\"tt\"  data-cmtooltip=\"cmtt_07f93d9a2633752a8221fc6d499e5bc5\"  href=\"https:\/\/www.profartspla.site\/wordpress\/Dictionnaire\/gris-colores\/\"  target=\"_blank\"  data-gt-translate-attributes='[{\"attribute\":\"data-cmtooltip\", \"format\":\"html\"}]' tabindex='0' role='link'>Gris color&eacute;s<\/a><\/strong><\/p>\n\n\n\n<p>Il existe deux grandes gammes de gris, les gris <strong>color&eacute;s ou riches <\/strong>et les <strong>gris pauvres.<\/strong><\/p>\n\n\n\n<ul class=\"wp-block-list\">\n<li>Les <a class=\"glossaryLink\"  aria-describedby=\"tt\"  data-cmtooltip=\"cmtt_07f93d9a2633752a8221fc6d499e5bc5\"  href=\"https:\/\/www.profartspla.site\/wordpress\/Dictionnaire\/gris-colores\/\"  target=\"_blank\"  data-gt-translate-attributes='[{\"attribute\":\"data-cmtooltip\", \"format\":\"html\"}]' tabindex='0' role='link'>gris color&eacute;s<\/a> sont des gris obtenus par le m&eacute;lange des trois <a class=\"glossaryLink\"  aria-describedby=\"tt\"  data-cmtooltip=\"cmtt_6b346ef57ec30890b94d59dbe156825e\"  href=\"https:\/\/www.profartspla.site\/wordpress\/Dictionnaire\/couleur\/\"  target=\"_blank\"  data-gt-translate-attributes='[{\"attribute\":\"data-cmtooltip\", \"format\":\"html\"}]' tabindex='0' role='link'>couleurs<\/a> primaires, avec des dosages diff&eacute;rents en fonction du <a class=\"glossaryLink\"  aria-describedby=\"tt\"  data-cmtooltip=\"cmtt_c1464ec6e5acd8bf470926f73ef411e8\"  href=\"https:\/\/www.profartspla.site\/wordpress\/Dictionnaire\/ton\/\"  target=\"_blank\"  data-gt-translate-attributes='[{\"attribute\":\"data-cmtooltip\", \"format\":\"html\"}]' tabindex='0' role='link'>ton<\/a> voulu.<\/li>\n\n\n\n<li>Les gris pauvres sont issus du m&eacute;lange de noir et de blanc.<\/li>\n<\/ul>\n\n\n\n<p class=\"has-text-align-center\"><strong>Oeuvres en r&eacute;f&eacute;rence<\/strong><\/p>\n\n\n\n<p><strong>Les gris &laquo;&nbsp;color&eacute;s&nbsp;&raquo; : <\/strong><\/p>\n\n\n\n<p><strong>Giorgio Morandi<br><\/strong><\/p>\n\n\n<div class=\"wp-block-image\">\n<figure class=\"aligncenter size-large is-resized\"><a href=\"https:\/\/i0.wp.com\/www.profartspla.site\/images\/glossaire\/griscolores.jpeg?ssl=1\" target=\"_blank\" rel=\"noopener noreferrer\"><img data-recalc-dims=\"1\" loading=\"lazy\" decoding=\"async\" src=\"https:\/\/i0.wp.com\/www.profartspla.site\/images\/glossaire\/griscolores.jpeg?resize=449%2C388&#038;ssl=1\" alt=\"\" width=\"449\" height=\"388\"\/><\/a><\/figure>\n<\/div>\n\n\n<p><em><a class=\"glossaryLink\"  aria-describedby=\"tt\"  data-cmtooltip=\"cmtt_2fc22fd4672029babcdbd1901f333b13\"  href=\"https:\/\/www.profartspla.site\/wordpress\/Dictionnaire\/nature-morte\/\"  target=\"_blank\"  data-gt-translate-attributes='[{\"attribute\":\"data-cmtooltip\", \"format\":\"html\"}]' tabindex='0' role='link'>Nature Morte<\/a>,<\/em> 1951, <a class=\"glossaryLink\"  aria-describedby=\"tt\"  data-cmtooltip=\"cmtt_9539e8710c6ddee4000eac9f0c707ff8\"  href=\"https:\/\/www.profartspla.site\/wordpress\/Dictionnaire\/huile\/\"  target=\"_blank\"  data-gt-translate-attributes='[{\"attribute\":\"data-cmtooltip\", \"format\":\"html\"}]' tabindex='0' role='link'>huile<\/a> sur <a class=\"glossaryLink\"  aria-describedby=\"tt\"  data-cmtooltip=\"cmtt_e131f1a12f35c0ea911c56cb20015d25\"  href=\"https:\/\/www.profartspla.site\/wordpress\/Dictionnaire\/formats-des-toiles\/\"  target=\"_blank\"  data-gt-translate-attributes='[{\"attribute\":\"data-cmtooltip\", \"format\":\"html\"}]' tabindex='0' role='link'>toile<\/a> de 29.8 &times; 35.6 cm, The Metropolitan Museum Of Art, New York, <a rel=\"alternate noopener noreferrer\" href=\"http:\/\/www.metmuseum.org\/art\/collection\/search\/687851\" target=\"_blank\">http:\/\/www.metmuseum.org\/art\/collection\/search\/687851<\/a><\/p>\n\n\n\n<p><strong><a class=\"glossaryLink\"  aria-describedby=\"tt\"  data-cmtooltip=\"cmtt_00e1dcd087643be50967bd2050b29be5\"  href=\"https:\/\/www.profartspla.site\/wordpress\/Dictionnaire\/exposition\/\"  target=\"_blank\"  data-gt-translate-attributes='[{\"attribute\":\"data-cmtooltip\", \"format\":\"html\"}]' tabindex='0' role='link'>Exposition<\/a> <a class=\"glossaryLink\"  aria-describedby=\"tt\"  data-cmtooltip=\"cmtt_5c29cc48730488e422284ca7f7ea22a3\"  href=\"https:\/\/www.profartspla.site\/wordpress\/Dictionnaire\/monographie\/\"  target=\"_blank\"  data-gt-translate-attributes='[{\"attribute\":\"data-cmtooltip\", \"format\":\"html\"}]' tabindex='0' role='link'>monographique<\/a> au <a class=\"glossaryLink\"  aria-describedby=\"tt\"  data-cmtooltip=\"cmtt_f50670b0c04e0fa882016c5609c90f50\"  href=\"https:\/\/www.profartspla.site\/wordpress\/Dictionnaire\/musee\/\"  target=\"_blank\"  data-gt-translate-attributes='[{\"attribute\":\"data-cmtooltip\", \"format\":\"html\"}]' tabindex='0' role='link'>Mus&eacute;e<\/a> de Grenoble consacr&eacute;e &agrave; cet <a class=\"glossaryLink\"  aria-describedby=\"tt\"  data-cmtooltip=\"cmtt_7ebba5a74e5d2537f3dabdcbb1f8e85c\"  href=\"https:\/\/www.profartspla.site\/wordpress\/Dictionnaire\/artiste\/\"  target=\"_blank\"  data-gt-translate-attributes='[{\"attribute\":\"data-cmtooltip\", \"format\":\"html\"}]' tabindex='0' role='link'>artiste<\/a> : <\/strong><a rel=\"noreferrer noopener\" href=\"https:\/\/www.museedegrenoble.fr\/1929-giorgio-morandi.-la-collection-magnani-rocca.htm\" target=\"_blank\">https:\/\/www.museedegrenoble.fr\/1929-giorgio-morandi.-la-collection-magnani-rocca.htm<\/a><\/p>\n\n\n\n<hr class=\"wp-block-separator has-alpha-channel-opacity\">\n\n\n\n<p><strong>Les gris &laquo;&nbsp;pauvres&nbsp;&raquo; :<\/strong><\/p>\n\n\n\n<p>Site officiel de l&rsquo;<a class=\"glossaryLink\"  aria-describedby=\"tt\"  data-cmtooltip=\"cmtt_7ebba5a74e5d2537f3dabdcbb1f8e85c\"  href=\"https:\/\/www.profartspla.site\/wordpress\/Dictionnaire\/artiste\/\"  target=\"_blank\"  data-gt-translate-attributes='[{\"attribute\":\"data-cmtooltip\", \"format\":\"html\"}]' tabindex='0' role='link'>artiste<\/a> <strong>Yan Pei Ming<\/strong> : <a href=\"http:\/\/www.yanpeiming.com\/\" target=\"_blank\" rel=\"alternate noopener noreferrer\">http:\/\/www.yanpeiming.com\/<\/a><\/p>\n\n\n\n<p><em>Sans titre (<a class=\"glossaryLink\"  aria-describedby=\"tt\"  data-cmtooltip=\"cmtt_33668cfb5e7a7cf8726502ce82851ed1\"  href=\"https:\/\/www.profartspla.site\/wordpress\/Dictionnaire\/portrait\/\"  target=\"_blank\"  data-gt-translate-attributes='[{\"attribute\":\"data-cmtooltip\", \"format\":\"html\"}]' tabindex='0' role='link'>Portrait<\/a> de Mao)<\/em>, 1989, <a class=\"glossaryLink\"  aria-describedby=\"tt\"  data-cmtooltip=\"cmtt_9de741d1f01c766bdf05c4aa4e596e1b\"  href=\"https:\/\/www.profartspla.site\/wordpress\/Dictionnaire\/diptyque-et-triptyque\/\"  target=\"_blank\"  data-gt-translate-attributes='[{\"attribute\":\"data-cmtooltip\", \"format\":\"html\"}]' tabindex='0' role='link'>Diptyque<\/a> <a class=\"glossaryLink\"  aria-describedby=\"tt\"  data-cmtooltip=\"cmtt_9539e8710c6ddee4000eac9f0c707ff8\"  href=\"https:\/\/www.profartspla.site\/wordpress\/Dictionnaire\/huile\/\"  target=\"_blank\"  data-gt-translate-attributes='[{\"attribute\":\"data-cmtooltip\", \"format\":\"html\"}]' tabindex='0' role='link'>Huile<\/a> sur <a class=\"glossaryLink\"  aria-describedby=\"tt\"  data-cmtooltip=\"cmtt_e131f1a12f35c0ea911c56cb20015d25\"  href=\"https:\/\/www.profartspla.site\/wordpress\/Dictionnaire\/formats-des-toiles\/\"  target=\"_blank\"  data-gt-translate-attributes='[{\"attribute\":\"data-cmtooltip\", \"format\":\"html\"}]' tabindex='0' role='link'>toile<\/a>, 198 x 486 cm (2 x 198 x 243 cm), FRAC Bourgogne <a rel=\"alternate noopener noreferrer\" href=\"http:\/\/www.frac-bourgogne.org\/\" target=\"_blank\">http:\/\/www.frac-bourgogne.org\/collection\/#\/artwork\/340000000000280?layout=grid&amp;page=0&amp;filters=authors:YAN+PEI-MING%E2<\/a><\/p>\n\n\n\n<figure class=\"wp-block-image size-large\"><a href=\"https:\/\/i0.wp.com\/www.profartspla.site\/images\/glossaire\/griscolores.jpeg?ssl=1\" target=\"_blank\" rel=\"noopener noreferrer\"><img data-recalc-dims=\"1\" decoding=\"async\" src=\"https:\/\/i0.wp.com\/www.profartspla.site\/images\/glossaire\/griscolores2.jpeg?w=925&#038;ssl=1\" alt=\"\"\/><\/a><\/figure>\n","protected":false},"excerpt":{"rendered":"<p>Gris color\u00e9s Il existe deux grandes gammes de gris, les gris color\u00e9s ou riches et les gris pauvres. Oeuvres en r\u00e9f\u00e9rence Les gris \u00ab\u00a0color\u00e9s\u00a0\u00bb : Giorgio Morandi Nature Morte, 1951, huile sur toile de 29.8 \u00d7 35.6 cm, The Metropolitan Museum Of Art, New York, http:\/\/www.metmuseum.org\/art\/collection\/search\/687851 Exposition monographique au Mus\u00e9e de Grenoble consacr\u00e9e \u00e0 cet &hellip; <\/p>\n","protected":false},"author":1,"featured_media":13828,"menu_order":144,"template":"","meta":{"footnotes":""},"class_list":["post-406","glossary","type-glossary","status-publish","has-post-thumbnail","hentry"],"jetpack_sharing_enabled":true,"_links":{"self":[{"href":"https:\/\/www.profartspla.site\/wordpress\/wp-json\/wp\/v2\/glossary\/406","targetHints":{"allow":["GET"]}}],"collection":[{"href":"https:\/\/www.profartspla.site\/wordpress\/wp-json\/wp\/v2\/glossary"}],"about":[{"href":"https:\/\/www.profartspla.site\/wordpress\/wp-json\/wp\/v2\/types\/glossary"}],"author":[{"embeddable":true,"href":"https:\/\/www.profartspla.site\/wordpress\/wp-json\/wp\/v2\/users\/1"}],"version-history":[{"count":3,"href":"https:\/\/www.profartspla.site\/wordpress\/wp-json\/wp\/v2\/glossary\/406\/revisions"}],"predecessor-version":[{"id":13070,"href":"https:\/\/www.profartspla.site\/wordpress\/wp-json\/wp\/v2\/glossary\/406\/revisions\/13070"}],"wp:featuredmedia":[{"embeddable":true,"href":"https:\/\/www.profartspla.site\/wordpress\/wp-json\/wp\/v2\/media\/13828"}],"wp:attachment":[{"href":"https:\/\/www.profartspla.site\/wordpress\/wp-json\/wp\/v2\/media?parent=406"}],"curies":[{"name":"wp","href":"https:\/\/api.w.org\/{rel}","templated":true}]}}

Gris colorés

<p>Gris colorés Il existe deux grandes gammes de gris, les gris colorés ou riches et les gris pauvres. Oeuvres en référence Les gris « colorés » : Giorgio Morandi Nature Morte, 1951, huile sur toile de 29.8 × 35.6 cm, The Metropolitan Museum Of Art, New York, http://www.metmuseum.org/art/collection/search/687851 Exposition monographique au Musée de Grenoble consacrée à cet &hellip; </p>
