{"id":4633,"date":"2022-07-03T17:02:31","date_gmt":"2022-07-03T15:02:31","guid":{"rendered":"https:\/\/www.profartspla.info\/wordpress\/?post_type=glossary&#038;p=4633"},"modified":"2024-06-09T11:38:19","modified_gmt":"2024-06-09T09:38:19","slug":"ligne-claire","status":"publish","type":"glossary","link":"https:\/\/www.profartspla.site\/wordpress\/Dictionnaire\/ligne-claire\/","title":{"rendered":"Ligne claire"},"content":{"rendered":"<p class=\"has-text-align-center has-medium-font-size\"><strong><a class=\"glossaryLink\"  aria-describedby=\"tt\"  data-cmtooltip=\"cmtt_66bf04917a4e262005ffefb31665536c\"  href=\"https:\/\/www.profartspla.site\/wordpress\/Dictionnaire\/ligne-claire\/\"  target=\"_blank\"  data-gt-translate-attributes='[{\"attribute\":\"data-cmtooltip\", \"format\":\"html\"}]' tabindex='0' role='link'>Ligne claire<\/a><\/strong><\/p>\n\n\n\n<p>La <a class=\"glossaryLink\"  aria-describedby=\"tt\"  data-cmtooltip=\"cmtt_66bf04917a4e262005ffefb31665536c\"  href=\"https:\/\/www.profartspla.site\/wordpress\/Dictionnaire\/ligne-claire\/\"  target=\"_blank\"  data-gt-translate-attributes='[{\"attribute\":\"data-cmtooltip\", \"format\":\"html\"}]' tabindex='0' role='link'>ligne claire<\/a> (<em>Klare lijn<\/em> en n&eacute;erlandais) est un langage graphique issu de l&rsquo;&eacute;cole belge de <a class=\"glossaryLink\"  aria-describedby=\"tt\"  data-cmtooltip=\"cmtt_5c45aae44eb489b548b1c7cbbc92c2b2\"  href=\"https:\/\/www.profartspla.site\/wordpress\/Dictionnaire\/bande-dessinee\/\"  target=\"_blank\"  data-gt-translate-attributes='[{\"attribute\":\"data-cmtooltip\", \"format\":\"html\"}]' tabindex='0' role='link'>bandes dessin&eacute;es<\/a> r&eacute;unie autour d&rsquo;Herg&eacute;, c&rsquo;est-&agrave;-dire le &laquo;&nbsp;style Tintin&nbsp;&raquo; associ&eacute; aux dessinateurs du journal du m&ecirc;me nom. Il s&rsquo;agit, &agrave; la base, d&rsquo;un <a class=\"glossaryLink\"  aria-describedby=\"tt\"  data-cmtooltip=\"cmtt_fffae49563170d7b91fb8924f0c73be2\"  href=\"https:\/\/www.profartspla.site\/wordpress\/Dictionnaire\/dessin\/\"  target=\"_blank\"  data-gt-translate-attributes='[{\"attribute\":\"data-cmtooltip\", \"format\":\"html\"}]' tabindex='0' role='link'>dessin<\/a> caract&eacute;ris&eacute;, apr&egrave;s la r&eacute;alisation des crayonn&eacute;s, par un trait d&rsquo;encre noire d&rsquo;&eacute;paisseur constante.<\/p>\n\n\n\n<p><a class=\"glossaryLink\"  aria-describedby=\"tt\"  data-cmtooltip=\"cmtt_00e1dcd087643be50967bd2050b29be5\"  href=\"https:\/\/www.profartspla.site\/wordpress\/Dictionnaire\/exposition\/\"  target=\"_blank\"  data-gt-translate-attributes='[{\"attribute\":\"data-cmtooltip\", \"format\":\"html\"}]' tabindex='0' role='link'>Exposition<\/a> virtuelle de la BNF sur les Ma&icirc;tres de la <a class=\"glossaryLink\"  aria-describedby=\"tt\"  data-cmtooltip=\"cmtt_5c45aae44eb489b548b1c7cbbc92c2b2\"  href=\"https:\/\/www.profartspla.site\/wordpress\/Dictionnaire\/bande-dessinee\/\"  target=\"_blank\"  data-gt-translate-attributes='[{\"attribute\":\"data-cmtooltip\", \"format\":\"html\"}]' tabindex='0' role='link'>BD<\/a> : <a href=\"http:\/\/expositions.bnf.fr\/bd\/arret\/lig.htm\" target=\"_blank\" rel=\"noreferrer noopener\">http:\/\/expositions.bnf.fr\/bd\/arret\/lig.htm<\/a><\/p>\n\n\n<div class=\"wp-block-image\">\n<figure class=\"aligncenter size-large\"><a href=\"https:\/\/i0.wp.com\/www.profartspla.site\/images\/glossaire\/ligneclaire.jpeg?ssl=1\" target=\"_blank\" rel=\"noreferrer noopener\"><img data-recalc-dims=\"1\" decoding=\"async\" src=\"https:\/\/i0.wp.com\/www.profartspla.site\/images\/glossaire\/ligneclaire.jpeg?w=925&#038;ssl=1\" alt=\"\"\/><\/a><figcaption class=\"wp-element-caption\">Couverture illustr&eacute;e du <em>Petit vingti&egrave;me<\/em> n&deg;2 du 16 janvier 1936, <strong>Herg&eacute;<\/strong> (Georges Remi, dit), Angoul&ecirc;me, <a class=\"glossaryLink\"  aria-describedby=\"tt\"  data-cmtooltip=\"cmtt_f50670b0c04e0fa882016c5609c90f50\"  href=\"https:\/\/www.profartspla.site\/wordpress\/Dictionnaire\/musee\/\"  target=\"_blank\"  data-gt-translate-attributes='[{\"attribute\":\"data-cmtooltip\", \"format\":\"html\"}]' tabindex='0' role='link'>mus&eacute;e<\/a> de la <a class=\"glossaryLink\"  aria-describedby=\"tt\"  data-cmtooltip=\"cmtt_5c45aae44eb489b548b1c7cbbc92c2b2\"  href=\"https:\/\/www.profartspla.site\/wordpress\/Dictionnaire\/bande-dessinee\/\"  target=\"_blank\"  data-gt-translate-attributes='[{\"attribute\":\"data-cmtooltip\", \"format\":\"html\"}]' tabindex='0' role='link'>Bande dessin&eacute;e<\/a> <a rel=\"noreferrer noopener\" href=\"http:\/\/expositions.bnf.fr\/bd\/grand\/bd9.htm\" target=\"_blank\">http:\/\/expositions.bnf.fr\/bd\/grand\/bd9.htm<\/a><\/figcaption><\/figure>\n<\/div>","protected":false},"excerpt":{"rendered":"<p>Ligne claire La ligne claire (Klare lijn en n\u00e9erlandais) est un langage graphique issu de l\u2019\u00e9cole belge de bandes dessin\u00e9es r\u00e9unie autour d\u2019Herg\u00e9, c\u2019est-\u00e0-dire le \u00ab\u00a0style Tintin\u00a0\u00bb associ\u00e9 aux dessinateurs du journal du m\u00eame nom. Il s\u2019agit, \u00e0 la base, d\u2019un dessin caract\u00e9ris\u00e9, apr\u00e8s la r\u00e9alisation des crayonn\u00e9s, par un trait d\u2019encre noire d\u2019\u00e9paisseur constante. &hellip; <\/p>\n","protected":false},"author":1,"featured_media":13828,"menu_order":0,"template":"elementor_header_footer","meta":{"footnotes":""},"class_list":["post-4633","glossary","type-glossary","status-publish","has-post-thumbnail","hentry"],"jetpack_sharing_enabled":true,"_links":{"self":[{"href":"https:\/\/www.profartspla.site\/wordpress\/wp-json\/wp\/v2\/glossary\/4633","targetHints":{"allow":["GET"]}}],"collection":[{"href":"https:\/\/www.profartspla.site\/wordpress\/wp-json\/wp\/v2\/glossary"}],"about":[{"href":"https:\/\/www.profartspla.site\/wordpress\/wp-json\/wp\/v2\/types\/glossary"}],"author":[{"embeddable":true,"href":"https:\/\/www.profartspla.site\/wordpress\/wp-json\/wp\/v2\/users\/1"}],"version-history":[{"count":7,"href":"https:\/\/www.profartspla.site\/wordpress\/wp-json\/wp\/v2\/glossary\/4633\/revisions"}],"predecessor-version":[{"id":18581,"href":"https:\/\/www.profartspla.site\/wordpress\/wp-json\/wp\/v2\/glossary\/4633\/revisions\/18581"}],"wp:featuredmedia":[{"embeddable":true,"href":"https:\/\/www.profartspla.site\/wordpress\/wp-json\/wp\/v2\/media\/13828"}],"wp:attachment":[{"href":"https:\/\/www.profartspla.site\/wordpress\/wp-json\/wp\/v2\/media?parent=4633"}],"curies":[{"name":"wp","href":"https:\/\/api.w.org\/{rel}","templated":true}]}}

<p>Ligne claire La ligne claire (Klare lijn en néerlandais) est un langage graphique issu de l’école belge de bandes dessinées réunie autour d’Hergé, c’est-à-dire le « style Tintin » associé aux dessinateurs du journal du même nom. Il s’agit, à la base, d’un dessin caractérisé, après la réalisation des crayonnés, par un trait d’encre noire d’épaisseur constante. &hellip; </p>
