{"id":5855,"date":"2022-07-20T07:47:39","date_gmt":"2022-07-20T05:47:39","guid":{"rendered":"https:\/\/www.profartspla.info\/wordpress\/?post_type=glossary&#038;p=5855"},"modified":"2024-06-16T18:29:16","modified_gmt":"2024-06-16T16:29:16","slug":"unpourcentartistique","status":"publish","type":"glossary","link":"https:\/\/www.profartspla.site\/wordpress\/Dictionnaire\/unpourcentartistique\/","title":{"rendered":"Un pour cent artistique"},"content":{"rendered":"<p class=\"has-text-align-center has-medium-font-size\"><strong>1%  artistique<\/strong><\/p>\n\n\n\n<p>L&rsquo;<a class=\"glossaryLink\"  aria-describedby=\"tt\"  data-cmtooltip=\"cmtt_72bf8ef98c579fe9852292b5f45674d4\"  href=\"https:\/\/www.profartspla.site\/wordpress\/Dictionnaire\/idee\/\"  target=\"_blank\"  data-gt-translate-attributes='[{\"attribute\":\"data-cmtooltip\", \"format\":\"html\"}]' tabindex='0' role='link'>id&eacute;e<\/a> de consacrer un cr&eacute;dit sp&eacute;cial &agrave; la r&eacute;alisation de d&eacute;corations monu&shy;mentales dans les grandes construc&shy;tions entreprises par l&rsquo;<a class=\"glossaryLink\"  aria-describedby=\"tt\"  data-cmtooltip=\"cmtt_6ca1cd93306ad0cd1aa098cfc709d47c\"  href=\"https:\/\/www.profartspla.site\/wordpress\/Dictionnaire\/tirage\/\"  target=\"_blank\"  data-gt-translate-attributes='[{\"attribute\":\"data-cmtooltip\", \"format\":\"html\"}]' tabindex='0' role='link'>&Eacute;tat<\/a> s&rsquo;est concr&eacute;tis&eacute;e en 1936. La r&egrave;gle du 1&nbsp;% n&rsquo;est cependant constitu&eacute;e qu&rsquo;en 1951 et ne concerne que les construc&shy;tions des &eacute;tablissements scolaires.<\/p>\n\n\n\n<p>Son &eacute;largissement &agrave; l&rsquo;ensemble des <a class=\"glossaryLink\"  aria-describedby=\"tt\"  data-cmtooltip=\"cmtt_f8dbc9f6eccb3352a10e07ea58f77c2d\"  href=\"https:\/\/www.profartspla.site\/wordpress\/Dictionnaire\/construction-de-limage\/\"  target=\"_blank\"  data-gt-translate-attributes='[{\"attribute\":\"data-cmtooltip\", \"format\":\"html\"}]' tabindex='0' role='link'>constructions<\/a> nouvelles et des ouvrages destin&eacute;s &agrave; rehausser l&rsquo;int&eacute;&shy;r&ecirc;t esth&eacute;tique des &eacute;difices publics et de ses abords impose &agrave; tous les ma&icirc;tres d&rsquo;ouvrages la <a class=\"glossaryLink\"  aria-describedby=\"tt\"  data-cmtooltip=\"cmtt_3ffd064ca023e29b6390b27280eb52a2\"  href=\"https:\/\/www.profartspla.site\/wordpress\/Dictionnaire\/commande\/\"  target=\"_blank\"  data-gt-translate-attributes='[{\"attribute\":\"data-cmtooltip\", \"format\":\"html\"}]' tabindex='0' role='link'>commande<\/a> ou l&rsquo;acquisition d&rsquo;une ou plusieurs &oelig;uvres d&rsquo;art, avec le soutien logis&shy;tique du minist&egrave;re de la Culture.<\/p>\n\n\n\n<p><strong>Le 1% artistique dans les <a class=\"glossaryLink\"  aria-describedby=\"tt\"  data-cmtooltip=\"cmtt_f8dbc9f6eccb3352a10e07ea58f77c2d\"  href=\"https:\/\/www.profartspla.site\/wordpress\/Dictionnaire\/construction-de-limage\/\"  target=\"_blank\"  data-gt-translate-attributes='[{\"attribute\":\"data-cmtooltip\", \"format\":\"html\"}]' tabindex='0' role='link'>constructions<\/a> publiques :&nbsp;<\/strong>expression de la volont&eacute; publique de&nbsp;<strong>soutenir la cr&eacute;ation<\/strong>&nbsp;et de&nbsp;<strong>sensibiliser nos concitoyens &agrave; l&rsquo;art<\/strong>&nbsp;de notre <a class=\"glossaryLink\"  aria-describedby=\"tt\"  data-cmtooltip=\"cmtt_5e986529611bc40fb8b013de6bd55f6f\"  href=\"https:\/\/www.profartspla.site\/wordpress\/Dictionnaire\/temps\/\"  target=\"_blank\"  data-gt-translate-attributes='[{\"attribute\":\"data-cmtooltip\", \"format\":\"html\"}]' tabindex='0' role='link'>temps<\/a>, &laquo;&nbsp;l&rsquo;obligation de d&eacute;coration des <a class=\"glossaryLink\"  aria-describedby=\"tt\"  data-cmtooltip=\"cmtt_f8dbc9f6eccb3352a10e07ea58f77c2d\"  href=\"https:\/\/www.profartspla.site\/wordpress\/Dictionnaire\/construction-de-limage\/\"  target=\"_blank\"  data-gt-translate-attributes='[{\"attribute\":\"data-cmtooltip\", \"format\":\"html\"}]' tabindex='0' role='link'>constructions<\/a> publiques&nbsp;&raquo;, commun&eacute;ment appel&eacute;e &laquo;&nbsp;1% artistique&nbsp;&raquo; est une proc&eacute;dure sp&eacute;cifique de <a class=\"glossaryLink\"  aria-describedby=\"tt\"  data-cmtooltip=\"cmtt_3ffd064ca023e29b6390b27280eb52a2\"  href=\"https:\/\/www.profartspla.site\/wordpress\/Dictionnaire\/commande\/\"  target=\"_blank\"  data-gt-translate-attributes='[{\"attribute\":\"data-cmtooltip\", \"format\":\"html\"}]' tabindex='0' role='link'>commande<\/a> d&rsquo;&oelig;uvres &agrave; des artistes qui s&rsquo;impose &agrave; l&rsquo;<a class=\"glossaryLink\"  aria-describedby=\"tt\"  data-cmtooltip=\"cmtt_6ca1cd93306ad0cd1aa098cfc709d47c\"  href=\"https:\/\/www.profartspla.site\/wordpress\/Dictionnaire\/tirage\/\"  target=\"_blank\"  data-gt-translate-attributes='[{\"attribute\":\"data-cmtooltip\", \"format\":\"html\"}]' tabindex='0' role='link'>&Eacute;tat<\/a>, &agrave; ses &eacute;tablissements publics et aux collectivit&eacute;s territoriales.<br>Depuis 1951, ce <a class=\"glossaryLink\"  aria-describedby=\"tt\"  data-cmtooltip=\"cmtt_f7f23a50809cf00a447146e8009df992\"  href=\"https:\/\/www.profartspla.site\/wordpress\/Dictionnaire\/dispositif\/\"  target=\"_blank\"  data-gt-translate-attributes='[{\"attribute\":\"data-cmtooltip\", \"format\":\"html\"}]' tabindex='0' role='link'>dispositif<\/a> a donn&eacute; <a class=\"glossaryLink\"  aria-describedby=\"tt\"  data-cmtooltip=\"cmtt_cb1fb44505cadc57a300d92ad7269545\"  href=\"https:\/\/www.profartspla.site\/wordpress\/Dictionnaire\/lieu\/\"  target=\"_blank\"  data-gt-translate-attributes='[{\"attribute\":\"data-cmtooltip\", \"format\":\"html\"}]' tabindex='0' role='link'>lieu<\/a> &agrave; plus de 12 400 projets se d&eacute;ployant sur l&rsquo;ensemble du territoire et sollicitant plus de 4&nbsp;000 artistes. Par la typologie des &eacute;quipements concern&eacute;s (b&acirc;timents scolaires, commissariats, palais de justice&hellip;), le &laquo;&nbsp;1% artistique&nbsp;&raquo;&nbsp;<strong>atteint un public tr&egrave;s large<\/strong>&nbsp;et&nbsp;<strong>qui n&rsquo;est pas n&eacute;cessairement familier des lieux d&rsquo;<a class=\"glossaryLink\"  aria-describedby=\"tt\"  data-cmtooltip=\"cmtt_00e1dcd087643be50967bd2050b29be5\"  href=\"https:\/\/www.profartspla.site\/wordpress\/Dictionnaire\/exposition\/\"  target=\"_blank\"  data-gt-translate-attributes='[{\"attribute\":\"data-cmtooltip\", \"format\":\"html\"}]' tabindex='0' role='link'>exposition<\/a><\/strong>.<\/p>\n\n\n\n<p>D&eacute;tails sur le site du Minist&egrave;re de la Culture :&nbsp;<a href=\"https:\/\/www.culture.gouv.fr\/Aides-demarches\/Dispositifs-specifiques\/Le-1-artistique\" target=\"_blank\" rel=\"noreferrer noopener\">https:\/\/www.culture.gouv.fr\/Aides-demarches\/Dispositifs-specifiques\/Le-1-artistique<\/a><\/p>\n\n\n\n<p>Les oeuvres sur le campus universitaire lorrain : <a href=\"https:\/\/www.univ-lorraine.fr\/culture\/culturesci\/patrimoines\/1-artistique\/\" target=\"_blank\" rel=\"noreferrer noopener\">https:\/\/www.univ-lorraine.fr\/culture\/culturesci\/patrimoines\/1-artistique\/<\/a><\/p>\n\n\n\n<p>Les oeuvres du 1% artistique dans les &eacute;tablissements scolaires lorrains : <a href=\"https:\/\/sites.ac-nancy-metz.fr\/arts-plastiques\/1-artistique\/\" target=\"_blank\" rel=\"noreferrer noopener\">https:\/\/sites.ac-nancy-metz.fr\/arts-plastiques\/1-artistique\/<\/a><\/p>\n\n\n\n<div class=\"wp-block-columns is-layout-flex wp-container-core-columns-is-layout-9d6595d7 wp-block-columns-is-layout-flex\">\n<div class=\"wp-block-column is-layout-flow wp-block-column-is-layout-flow\">\n<div data-wp-interactive=\"core\/file\" class=\"wp-block-file aligncenter\"><object data-wp-bind--hidden=\"!state.hasPdfPreview\" hidden class=\"wp-block-file__embed\" data=\"https:\/\/www.profartspla.site\/wordpress\/wp-content\/uploads\/2022\/07\/1Delme.pdf\" type=\"application\/pdf\" style=\"width:100%;height:600px\" aria-label=\"Contenu embarqu&eacute; 1Delme.\"><\/object><a id=\"wp-block-file--media-90353c8a-3989-4e08-b10e-12e4587788cb\" href=\"https:\/\/www.profartspla.site\/wordpress\/wp-content\/uploads\/2022\/07\/1Delme.pdf\">1Delme<\/a><a href=\"https:\/\/www.profartspla.site\/wordpress\/wp-content\/uploads\/2022\/07\/1Delme.pdf\" class=\"wp-block-file__button wp-element-button\" download aria-describedby=\"wp-block-file--media-90353c8a-3989-4e08-b10e-12e4587788cb\">T&eacute;l&eacute;charger<\/a><\/div>\n<\/div>\n\n\n\n<div class=\"wp-block-column is-layout-flow wp-block-column-is-layout-flow\">\n<div data-wp-interactive=\"core\/file\" class=\"wp-block-file aligncenter\"><object data-wp-bind--hidden=\"!state.hasPdfPreview\" hidden class=\"wp-block-file__embed\" data=\"https:\/\/www.profartspla.site\/wordpress\/wp-content\/uploads\/2022\/07\/Guide-pratique-du-1-artistique-et-de-la-commande-publique.pdf\" type=\"application\/pdf\" style=\"width:100%;height:600px\" aria-label=\"Contenu embarqu&eacute; Guide-pratique-du-1-artistique-et-de-la-commande-publique.\"><\/object><a id=\"wp-block-file--media-f15f45a9-72e4-4ff8-a233-f3cc109bcab3\" href=\"https:\/\/www.profartspla.site\/wordpress\/wp-content\/uploads\/2022\/07\/Guide-pratique-du-1-artistique-et-de-la-commande-publique.pdf\">Guide-pratique-du-1-artistique-et-de-la-commande-publique<\/a><a href=\"https:\/\/www.profartspla.site\/wordpress\/wp-content\/uploads\/2022\/07\/Guide-pratique-du-1-artistique-et-de-la-commande-publique.pdf\" class=\"wp-block-file__button wp-element-button\" download aria-describedby=\"wp-block-file--media-f15f45a9-72e4-4ff8-a233-f3cc109bcab3\">T&eacute;l&eacute;charger<\/a><\/div>\n<\/div>\n<\/div>\n","protected":false},"excerpt":{"rendered":"<p>1% artistique L\u2019id\u00e9e de consacrer un cr\u00e9dit sp\u00e9cial \u00e0 la r\u00e9alisation de d\u00e9corations monu\u00admentales dans les grandes construc\u00adtions entreprises par l\u2019\u00c9tat s\u2019est concr\u00e9tis\u00e9e en 1936. La r\u00e8gle du 1&nbsp;% n\u2019est cependant constitu\u00e9e qu\u2019en 1951 et ne concerne que les construc\u00adtions des \u00e9tablissements scolaires. Son \u00e9largissement \u00e0 l\u2019ensemble des constructions nouvelles et des ouvrages destin\u00e9s \u00e0 &hellip; <\/p>\n","protected":false},"author":1,"featured_media":13828,"menu_order":0,"template":"elementor_header_footer","meta":{"footnotes":""},"class_list":["post-5855","glossary","type-glossary","status-publish","has-post-thumbnail","hentry"],"jetpack_sharing_enabled":true,"_links":{"self":[{"href":"https:\/\/www.profartspla.site\/wordpress\/wp-json\/wp\/v2\/glossary\/5855","targetHints":{"allow":["GET"]}}],"collection":[{"href":"https:\/\/www.profartspla.site\/wordpress\/wp-json\/wp\/v2\/glossary"}],"about":[{"href":"https:\/\/www.profartspla.site\/wordpress\/wp-json\/wp\/v2\/types\/glossary"}],"author":[{"embeddable":true,"href":"https:\/\/www.profartspla.site\/wordpress\/wp-json\/wp\/v2\/users\/1"}],"version-history":[{"count":15,"href":"https:\/\/www.profartspla.site\/wordpress\/wp-json\/wp\/v2\/glossary\/5855\/revisions"}],"predecessor-version":[{"id":19007,"href":"https:\/\/www.profartspla.site\/wordpress\/wp-json\/wp\/v2\/glossary\/5855\/revisions\/19007"}],"wp:featuredmedia":[{"embeddable":true,"href":"https:\/\/www.profartspla.site\/wordpress\/wp-json\/wp\/v2\/media\/13828"}],"wp:attachment":[{"href":"https:\/\/www.profartspla.site\/wordpress\/wp-json\/wp\/v2\/media?parent=5855"}],"curies":[{"name":"wp","href":"https:\/\/api.w.org\/{rel}","templated":true}]}}

<p>1% artistique L’idée de consacrer un crédit spécial à la réalisation de décorations monu­mentales dans les grandes construc­tions entreprises par l’État s’est concrétisée en 1936. La règle du 1&nbsp;% n’est cependant constituée qu’en 1951 et ne concerne que les construc­tions des établissements scolaires. Son élargissement à l’ensemble des constructions nouvelles et des ouvrages destinés à &hellip; </p>
